{"id":115,"date":"2024-10-04T12:11:13","date_gmt":"2024-10-04T12:11:13","guid":{"rendered":"https:\/\/jahilaskmine.ee\/?page_id=115"},"modified":"2024-11-06T09:51:58","modified_gmt":"2024-11-06T09:51:58","slug":"sisekorraeeskiri-2","status":"publish","type":"page","link":"https:\/\/jahilaskmine.ee\/?page_id=115","title":{"rendered":"Sisekorraeeskiri"},"content":{"rendered":"\n<p id=\"block-78e70795-fdc4-4caf-9230-314d1bd85e92\"><strong>SISEKORRAEESKIRI ELVA JAHILASKETIIR&nbsp;<\/strong><\/p>\n\n\n\n<p id=\"block-193a8cec-5cf5-4277-80b9-7d0d884c2f50\"><strong>Kinnitatud 01.09.2024&nbsp;&nbsp;&nbsp;&nbsp;&nbsp;&nbsp;&nbsp;&nbsp;&nbsp;&nbsp;&nbsp;&nbsp;&nbsp;&nbsp;&nbsp;&nbsp;&nbsp;&nbsp;&nbsp;&nbsp;&nbsp;&nbsp;&nbsp;&nbsp;&nbsp;&nbsp;&nbsp;&nbsp;&nbsp;&nbsp;&nbsp;&nbsp;&nbsp;&nbsp;&nbsp;<\/strong><\/p>\n\n\n\n<ol id=\"block-b0e8230e-6445-4dc6-b599-28fa07313aa2\" class=\"wp-block-list\">\n<li>Lasketiiru territooriumil on lubatud viibida ainult lasketiiru omaniku v\u00f5i laskmise eest vastutava isiku loal.&nbsp;Lasketiiru omanik on MT\u00dc ELVA JLK reg. 80643410<\/li>\n\n\n\n<li>Laskmist l\u00e4biviiva isikuta on laskmine lasketiirus keelatud. Laskmist l\u00e4biviivad isikud m\u00e4\u00e4rab laskmise eest vastutav isik. <\/li>\n\n\n\n<li>Laskmise eest vastutav isik: Karl-Peeter Ein +372 556 98175<\/li>\n\n\n\n<li>Laskmist l\u00e4biviiv isik tutvustab laskuritele ja laskmise juures viibijatele allkirja vastu lasketiiru v\u00f5i laskepaiga ohutusn\u00f5udeid ja sisekorra eeskirja ning kontrollib, et laskurid ja laskmise juures viibijad t\u00e4idavad ohutusn\u00f5udeid ja lasketiirus k\u00e4itumise reegleid.&nbsp;<\/li>\n\n\n\n<li>Laskur peab t\u00e4itma laskmist l\u00e4biviiva isiku k\u00e4sklusi ning teadma ja j\u00e4rgima tulirelva ja laskemoona k\u00e4sitsemise ohutusn\u00f5udeid, lasketiirus tulirelvadega tegutsemise ohutusreegleid ning sisekorraeeskirja.&nbsp;<\/li>\n\n\n\n<li>Enne laskeharjutuse algust peab laskur kinnitama oma allkirjaga, et kohustub j\u00e4rgima: <br>Sisekorraeeskirja<br>Ohutusn\u00f5udeid&nbsp;<br>Relvaseadusest tulenevaid n\u00f5udeid tulirelvade ja laskemoonaga \u00fcmberk\u00e4imisele.<\/li>\n\n\n\n<li>Laskmist l\u00e4biviiv isik vastutab, et laskmise ajal t\u00e4idetaks laskmise ohutus- ja muid n\u00f5udeid, ning l\u00f5petab laskmise viivitamata v\u00f5i annab k\u00e4su laskmine l\u00f5petada, kui ilmneb oht.&nbsp;<\/li>\n\n\n\n<li>Laskevigastuse korral tagab laskmist l\u00e4biviiv isik kannatanule kiire meditsiiniabi osutamise ning teavitab juhtunust vastutavat isikut.&nbsp;<\/li>\n\n\n\n<li>Lasketiirus on lubatud asuda tulejoonele ja sealt lahkuda ainult laskmist l\u00e4biviiva isiku loal.&nbsp;<\/li>\n\n\n\n<li>Lasketiirus on keelatud viibida ja laskmisel osaleda alkoholijoobes, narkootiliste v\u00f5i ps\u00fchhotroopsete ainete m\u00f5ju all.&nbsp;<\/li>\n\n\n\n<li>K\u00f5rvalised isikud on kohustatud j\u00e4rgima ohutusn\u00f5udeid ja k\u00e4esolevat sisekorraeeskirja.&nbsp;<\/li>\n\n\n\n<li>Lasketiirus on lubatud kasutada vaid sileraudset p\u00fcssi ja \u00fcksnes haavlilaskemoona, mille suurimaks lubatud haavli l\u00e4bim\u00f5\u00f5duks on 2.5mm (nr.7)<\/li>\n\n\n\n<li>Ohuala, laskekohad, \u2013 suunad, \u2013 sektorid ja \u2013 distantsid on m\u00e4rgitud asendiplaanil. Ohuala on territooriumil t\u00e4histatud hoiatussiltidega. Laskmise ajal on inimeste viibimine ohualas keelatud.<\/li>\n\n\n\n<li>Lasketiiru territooriumil on keelatud lahtise tule tegemine, va. vastutava isiku loal selleks ette n\u00e4htud kohas.<\/li>\n\n\n\n<li>Kuulmekaitsmed on kohustuslikud. Soovituslik on kasutada kaitseprille ning peakatet.<\/li>\n<\/ol>\n\n\n\n<p id=\"block-f999f69b-9a32-4e08-963d-1605cd35abca\">Laskmise eest vastutavad isikud ja telefoni nr.:<br>Karl-Peeter Ein\u00a0+372 5569 8175\u00a0\u00a0\u00a0\u00a0\u00a0\u00a0\u00a0\u00a0\u00a0\u00a0\u00a0\u00a0\u00a0\u00a0\u00a0\u00a0\u00a0\u00a0 Marek Lillem\u00e4e\u00a0\u00a0\u00a0 \u00a0+372 5043 972<br>Maido Kartau\u00a0\u00a0 +372 5346 5651\u00a0\u00a0\u00a0\u00a0\u00a0\u00a0\u00a0\u00a0\u00a0\u00a0\u00a0\u00a0\u00a0\u00a0\u00a0\u00a0\u00a0\u00a0\u00a0\u00a0Ari Juhani Lustila  +372 5109 122<br>Imre Meinberg +372 5661 7905\u00a0\u00a0\u00a0\u00a0\u00a0\u00a0\u00a0\u00a0\u00a0\u00a0\u00a0\u00a0\u00a0\u00a0\u00a0\u00a0\u00a0\u00a0\u00a0\u00a0Taivo Tigane\u00a0\u00a0\u00a0\u00a0\u00a0\u00a0\u00a0\u00a0\u00a0+372 5341 5136<\/p>\n\n\n\n<figure class=\"wp-block-image size-large\"><img loading=\"lazy\" decoding=\"async\" width=\"874\" height=\"1024\" src=\"https:\/\/jahilaskmine.ee\/wp-content\/uploads\/2024\/11\/jlk-1-874x1024.png\" alt=\"\" class=\"wp-image-157\" srcset=\"https:\/\/jahilaskmine.ee\/wp-content\/uploads\/2024\/11\/jlk-1-874x1024.png 874w, https:\/\/jahilaskmine.ee\/wp-content\/uploads\/2024\/11\/jlk-1-256x300.png 256w, https:\/\/jahilaskmine.ee\/wp-content\/uploads\/2024\/11\/jlk-1-768x900.png 768w, https:\/\/jahilaskmine.ee\/wp-content\/uploads\/2024\/11\/jlk-1.png 1011w\" sizes=\"auto, (max-width: 874px) 100vw, 874px\" \/><\/figure>\n","protected":false},"excerpt":{"rendered":"<p>SISEKORRAEESKIRI ELVA JAHILASKETIIR&nbsp; Kinnitatud 01.09.2024&nbsp;&nbsp;&nbsp;&nbsp;&nbsp;&nbsp;&nbsp;&nbsp;&nbsp;&nbsp;&nbsp;&nbsp;&nbsp;&nbsp;&nbsp;&nbsp;&nbsp;&nbsp;&nbsp;&nbsp;&nbsp;&nbsp;&nbsp;&nbsp;&nbsp;&nbsp;&nbsp;&nbsp;&nbsp;&nbsp;&nbsp;&nbsp;&nbsp;&nbsp;&nbsp; Laskmise eest vastutavad isikud ja telefoni nr.:Karl-Peeter Ein\u00a0+372 5569 8175\u00a0\u00a0\u00a0\u00a0\u00a0\u00a0\u00a0\u00a0\u00a0\u00a0\u00a0\u00a0\u00a0\u00a0\u00a0\u00a0\u00a0\u00a0 Marek Lillem\u00e4e\u00a0\u00a0\u00a0 \u00a0+372 5043 972Maido Kartau\u00a0\u00a0 +372 5346 5651\u00a0\u00a0\u00a0\u00a0\u00a0\u00a0\u00a0\u00a0\u00a0\u00a0\u00a0\u00a0\u00a0\u00a0\u00a0\u00a0\u00a0\u00a0\u00a0\u00a0Ari Juhani Lustila +372 5109 122Imre Meinberg +372 5661 7905\u00a0\u00a0\u00a0\u00a0\u00a0\u00a0\u00a0\u00a0\u00a0\u00a0\u00a0\u00a0\u00a0\u00a0\u00a0\u00a0\u00a0\u00a0\u00a0\u00a0Taivo Tigane\u00a0\u00a0\u00a0\u00a0\u00a0\u00a0\u00a0\u00a0\u00a0+372 5341 5136<\/p>\n","protected":false},"author":1,"featured_media":0,"parent":0,"menu_order":0,"comment_status":"closed","ping_status":"closed","template":"","meta":{"footnotes":""},"class_list":["post-115","page","type-page","status-publish","hentry"],"_links":{"self":[{"href":"https:\/\/jahilaskmine.ee\/index.php?rest_route=\/wp\/v2\/pages\/115","targetHints":{"allow":["GET"]}}],"collection":[{"href":"https:\/\/jahilaskmine.ee\/index.php?rest_route=\/wp\/v2\/pages"}],"about":[{"href":"https:\/\/jahilaskmine.ee\/index.php?rest_route=\/wp\/v2\/types\/page"}],"author":[{"embeddable":true,"href":"https:\/\/jahilaskmine.ee\/index.php?rest_route=\/wp\/v2\/users\/1"}],"replies":[{"embeddable":true,"href":"https:\/\/jahilaskmine.ee\/index.php?rest_route=%2Fwp%2Fv2%2Fcomments&post=115"}],"version-history":[{"count":17,"href":"https:\/\/jahilaskmine.ee\/index.php?rest_route=\/wp\/v2\/pages\/115\/revisions"}],"predecessor-version":[{"id":187,"href":"https:\/\/jahilaskmine.ee\/index.php?rest_route=\/wp\/v2\/pages\/115\/revisions\/187"}],"wp:attachment":[{"href":"https:\/\/jahilaskmine.ee\/index.php?rest_route=%2Fwp%2Fv2%2Fmedia&parent=115"}],"curies":[{"name":"wp","href":"https:\/\/api.w.org\/{rel}","templated":true}]}}